 + 4*m. Let d(s) = -a(s) - u(s). Calculate d(-3).
7
Let p(w) = -w**3 - 13*w**2 - 10*w + 19. Suppose -43 = -12*d - 187. Let s be p(d). Let r(k) = -k + 3. Give r(s).
8
Suppose 4*v + 32 = -j, 6*v + 0*v + 58 = -4*j. Let i(l) = -l - 9. Give i(v).
-2
Suppose -3*x - x = -s + 27, -15 = -5*s - 4*x. Let w be (1 - (2 + 0)) + s + 6. Suppose -7*v + w + 30 = 0. Let k(u) = -u**2 + 2*u + 7. Determine k(v).
-17
Let y = -19703 - -19655. Let t(f) = f**2 + 45*f - 138. What is t(y)?
6
Let v be ((-33)/(-2))/(1/2). Suppose -5*n = 15, 12*n - 17*n - 6 = 3*m. Let l(c) = v - 2*c**3 + 3*c**m - 32 - c. Calculate l(2).
7
Let v(w) = 21*w**3 - 15*w**2 + 15*w + 17. Let h(k) = 94*k**3 - 63*k**2 + 61*k + 71. Let u(a) = -2*h(a) + 9*v(a). Let p = 14 - 7. What is u(p)?
4
Let w(f) = f + 5. Let r be w(-4). Let c(s) = -321*s**2 + 7. Let p(z) = -183*z**2 + 4. Let d(n) = -4*c(n) + 7*p(n). Determine d(r).
3
Let f(x) = -x**2 - 20 + 0*x**2 - 23718*x + 23696*x. Give f(-8).
92
Let s(z) = -5*z**2 + 7*z - 2. Suppose 0 = 11*v - 7*v - 8. Let j(c) = 6*c**v + 2*c - 10*c + 1 + 1. Let y(h) = -6*j(h) - 7*s(h). Give y(2).
-4
Let l(d) be the first derivative of d**4/4 - 6*d**3 + 15*d**2/2 + 21*d - 861. What is l(17)?
-13
Let s(b) = 5*b**2 - 29*b + 4. Let k(v) = v**2 - 5*v. Let a(w) = -14*k(w) + 2*s(w). Determine a(4).
-8
Let g(u) = 88*u**3 + 19*u**2 - 11*u + 7. Let f(x) = 31*x**3 + 7*x**2 - 4*x + 2. Let c(j) = -17*f(j) + 6*g(j). Let z(w) = 2*w. Let v be z(2). Calculate c(v).
0
Suppose 3*a + 9 = 3*p, -4*p = p + 2*a - 8. Let f(i) = -3 - 4 + 5 + 2*i - 3*i**2 + p*i. Determine f(2).
-6
Let r(y) = y**2 - 8*y - 1. Let f be (-6)/14 - (-8)/(-14). Let l be 2 - f - 4/(20/(-5)). Give r(l).
-17
Let z(x) = -3*x + 33. Let r be z(10). Let w be (-144)/(-176) + (6/11)/r. Let p(u) = -2*u. Calculate p(w).
-2
Suppose 0 = -3*f - 3*l + 7*l + 23, 4*f - 2*l = 24. Let z(g) = -2*g + 14. What is z(f)?
4
Let i = 3 + 3. Let f = i + -7. Let p(g) = -1 - 6*g**3 + 549112*g + 3*g**3 - 549113*g. Determine p(f).
3
Let y(i) = -i**2 - 7*i + 1. Let s be (17/(-6))/(14/(-84)). Let w be (s + -21)/(-1 - 9/(-6)). Determine y(w).
-7
Suppose 20 = -4*f, -p - 4*p - 2*f - 30 = 0. Let i be (5/(-1) - p)*(-4 - -1). Let y(b) = -b**3 + 5*b**2 - 2*b - 3. What is y(i)?
9
Let f = 6 + -10. Let b(w) = -10*w**2 + 3*w - 23. Let o(p) = 4*p**2 - 2*p + 11. Let v(k) = 3*b(k) + 7*o(k). Let h be v(f). Let t(c) = -c + 5. Determine t(h).
9
Let c(s) = -11*s - 20. Let u(n) = -17*n - 31. Let d = 333 - 338. Let r(m) = d*u(m) + 8*c(m). Calculate r(-3).
4
Let h(i) = 2*i**2 + 5*i + 6. Let v(w) = 2*w**3 + 32*w**2 + 78*w - 3. Let k be v(-13). Give h(k).
9
Let j(p) = -185*p - 738. Let i be j(-4). Let f(t) be the first derivative of 21 - 4*t**i - 7/3*t**3 - 4*t + 1/4*t**4. Determine f(8).
-4
Let z(x) = 2*x**2 + 10*x + 5. Suppose t + v = 3*t + 8, -5*v = 0. Let u be z(t). Let k be 17/u + (-14)/42. Let n(s) = -s**2 - 6*s + 4. Calculate n(k).
4
Let v(n) be the first derivative of -2*n - 3/2*n**2 - 1/4*n**4 - 48 + 2*n**3. Calculate v(5).
8
Let u be ((-14)/42)/((-8)/(-48)). Let f(d) = 4*d**2 + d - 4. Calculate f(u).
10
Suppose p = 6*p - t + 33, t + 16 = -2*p. Let w(h) = -3*h - 346. Let c(x) = x + 99. Let i(v) = -7*c(v) - 2*w(v). What is i(p)?
6
Let t = 18780 - 18775. Let v(j) = -j**3 + 4*j**2 + 15. Give v(t).
-10
Let m(l) = 22*l - 20. Let j be m(1). Let y(v) = -2*v**2 - 4*v - 9. Let z(u) = 5 + u**2 - 4 + 3*u + 5 + 2. Let i(h) = 5*y(h) + 6*z(h). Calculate i(j).
-17
Let f(j) be the third derivative of 11*j**4/24 + 2*j**2. Let d(p) = -p**3 - 18*p**2 + 10*p + 18. Let n be d(-19). Let q = 188 - n. Give f(q).
-11
Let y(j) = -j + 6. Suppose -11*z = -4945 - 1204. Let q = z + -564. Give y(q).
11
Let r(i) = 5*i - 19. Let g(d) = -d**3 - 8*d**2 - 13*d - 16. Let u be g(-6). Calculate r(u).
-69
Suppose 0 = r - 4*h - 0*h - 6, 0 = 2*r + 2*h - 2. Let v(d) = 5 - 9 + 643*d - 206*d - 218*d - 6 - 213*d. Give v(r).
2
Let c(l) = -129*l + 7488. Let t be c(58). Let d(g) be the first derivative of t*g + 3*g**3 + 4 + 4*g**2 + 1/4*g**4. Determine d(-8).
6
Let c(x) = -2*x**3 - 12*x**2 - 7*x - 5. Let m be (-2420)/(-363)*(0/10 - 6/8). Calculate c(m).
-20
Suppose -23*p + 138 + 46 = -23. Let m(b) be the first derivative of -b**2 - 4. Give m(p).
-18
Let f(i) = i**2 - 14*i + 25. Let h be 5 + (2 + 0)*(-11)/22. Suppose h*o - 51 = -7. Calculate f(o).
-8
Let h(z) = 6*z + 167. Let k be h(-27). Let i(n) = n**3 - 7*n**2 - 5*n. Calculate i(k).
-75
Let b be 5 - ((-1)/(-4 + 5) + 6). Let z(j) = -935 + 3*j + 941 - j + b*j. Calculate z(-5).
-4
Let g(d) = -2459*d + 2458*d - 7 - 2 + 3. What is g(6)?
-12
Let q(o) = 19*o**3 + 9*o**2 - 17*o - 22. Let s(a) = -66*a**3 - 27*a**2 + 52*a + 66. Let j(u) = 7*q(u) + 2*s(u). What is j(-10)?
28
Suppose -3*j - 2 = 2*t, -t = -2*j - 3*t. Let d(a) = 5. Let m(g) be the first derivative of -g**2/2 - g - 99. Let b(u) = -d(u) - 5*m(u). Calculate b(j).
-10
Suppose -t = -a - 14, 0 = 3*a - 5*a - 10. Let m(w) be the second derivative of -w**3/3 + 8*w**2 + 27039*w. Determine m(t).
-2
Let z(c) = -c**2 + 6*c + 60. Let j be ((-5)/3)/(12/162 - (-330)/1620). Give z(j).
-12
Let h(c) = c**2 + 10*c. Let t(d) = 3. Let u(a) = -h(a) - 5*t(a). Suppose -2*o - 25 = o - 2*w, 0 = 2*w - 4. Determine u(o).
6
Let b(k) = -k**3 - 30*k**2 - 2 + 31*k**2 + 0*k + 3*k. Let t be b(-3). Suppose -4 = -2*l + 2*f + f, -3*l + t = 5*f. Let a(u) = u**2 - 6*u + 5. Give a(l).
0
Suppose -4*h = -2*k + 22, -k - 4*k = -h - 19. Let f(s) = 3*s**2 - 2*s + k*s**2 - 1 + s - 3*s**2. Suppose 4*t - 5*t - 1 = 0. Give f(t).
3
Let l(z) be the third derivative of -z**6/120 + z**5/30 - z**4/6 + 2*z**3 + 25*z**2 + 122. What is l(4)?
-36
Let i(p) = -p**3 - 8*p**2 - 11*p - 2. Let m be 3/(44/(-110) + 1/(-10)). Let a be i(m). Let u(j) = -j - 9. Calculate u(a).
-1
Let s(n) = 12 - 5*n**2 + 24*n**2 - 5*n**2 - 16*n**2 + 5*n. Give s(6).
-30
Let t(n) be the third derivative of n**5/60 - 25*n**3/3 - 2*n**2 + 9. Let k(i) be the first derivative of t(i). What is k(-10)?
-20
Let k be 48*5/((-75)/40). Let b = 128 + k. Let q(d) = -d**2 + d + 1. Calculate q(b).
1
Let r = -3715 + 3731. Let w(t) = -t**2 + 17*t - 25. Give w(r).
-9
Let p(s) = s - 20. Let t(r) = 5*r - 92. Let y(j) = 9*p(j) - 2*t(j). Let l = 6 + 0. Calculate y(l).
-2
Let m(t) = -t**2 - 8*t - 17. Suppose -34 = 7*f + 4*q, 23*f + 3*q = 21*f - 6. Calculate m(f).
-5
Let q(v) = v**3 + 14*v**2 - 33*v - 14. Let w be q(-16). Let f(n) = n**2 + 4*n**3 + 1280 - 5*n**3 - 1281 + 3*n**3. Give f(w).
19
Let h(z) be the second derivative of z**5/60 - 11*z**4/24 + 13*z**3/6 + 57*z**2 + z + 47. Let p(q) be the first derivative of h(q). Calculate p(9).
-5
Suppose -3*r + 12 = r. Let v(q) = 8*q**3 + 1 + q + 15*q**3 + 13*q**3 + 24*q**3 - 61*q**3 + q**2. Calculate v(r).
-14
Let b(o) be the first derivative of 66 + 0*o + 1/2*o**2. Give b(6).
6
Let z(d) = 13*d**2 + 10*d + 1. Let r be z(-5). Let i(h) = -r*h + 140*h + 137*h - 13. Calculate i(6).
-7
Let c(d) = -4*d**2 - 97*d + 80. Let h be c(-25). Let b(l) = 2*l - 26. Give b(h).
-16
Let p be (1/(-4))/((-15)/180). Let k(t) = t**3 - 2 + 75*t**2 - 2*t**p - 83*t**2 - 7*t. Determine k(-7).
-2
Let p(b) = -b**3 + 6*b**2 - 6. Let n = 141 + -353. Let c = n - -218. Determine p(c).
-6
Let q(a) = a**3 + 2*a**2 + 2*a + 2. Let x(o) = -o**3 - 21*o**2 - 13*o - 43. Let b be x(-21). Let d = b + -233. Determine q(d).
-13
Let f = 310 + -316. Let z(b) = 18. Let w(y) = y - 12. Let p(n) = -4*w(n) - 3*z(n). What is p(f)?
18
Let h = 17794 + -427055/24. Let v(x) be the third derivative of 0 + h*x**4 - 1/6*x**3 + 36*x**2 + 0*x. What is v(6)?
5
Suppose 0 = -4*l - 0*l - 36. Let f(z) = z**2 - 11*z + 11. Let p be f(11). Let w(a) = 75 + p*a + 2*a**2 - 4*a - 78 - a**2 + a. What is w(l)?
6
Let j(h) = -5*h - 17. Let p be j(-4). Suppose -5*v = -4*g - 31, 15 = 2*v + p*g - 2. Let k(o) = -o**3 + 2*o**3 + 91 - 99 + v*o**2. What is k(-7)?
-8
Let r(j) = 13*j - 67. Let n be r(5). Let t(p) = -p - 7. Let g(k) = -2*k + 2. Let l(y) = 4*g(y) + t(y). Determine l(n).
19
Let r(f) be the third derivative of -f**5/60 - 7*f**4/12 + 7*f**3/6 + 886*f**2. Give r(-14).
7
Let o be 36*(5 + 78/(-9)). Let q = o - -135. Let d(k) = -k**2 + 4*k + 3. Determine d(q).
6
Let i(l) = -2*l**2 - 16*l - 17. Suppose -6*p = 92 - 56. What is i(p)?
7
Let a(s) = 35*s - 91*s + 15 + 52*s + 19. Calculate a(6).
10
Let x be -5 + 508/42 + -5 + 103/21. Let b(f) = -2*f + 9 - 5*f 